8
-12231200223 (base 4) to base 15
-24b400
1240c71 (base 13) to base 12
1aa2453
44b299 (base 12) to base 14
208061
Convert -234003 (base 6) to base 11.
-14291
Convert -130050662 (base 7) to base 9.
-16460732
Convert -d7770 (base 16) to base 2.
-11010111011101110000
110001101101001101 (base 2) to base 9
340248
-120015152 (base 6) to base 8
-10432614
-10212020011022 (base 3) to base 4
-13310313002
What is 353552 (base 7) in base 2?
1111100011111001
-9e3ab (base 15) to base 4
-1322332133
b77b8 (base 12) to base 8
727274
Convert -1111010101101000100100 (base 2) to base 8.
-17255044
What is 11943833 (base 10) in base 16?
b63f99
-113321344 (base 5) to base 15
-a5ed4
270219 (base 11) to base 12
185a43
Convert 5321600 (base 7) to base 5.
131102410
Convert 102d7b (base 14) to base 7.
4432514
1306513 (base 7) to base 13
5c725
Convert 4104312 (base 8) to base 5.
234133334
Convert 1110010111001110111 (base 2) to base 4.
1302321313
Convert -2c088 (base 16) to base 14.
-49a2c
What is 301200003 (base 4) in base 11?
129373
-14302140 (base 6) to base 3
-220220200020
Convert -115036 (base 7) to base 10.
-20950
Convert 8164023 (base 9) to base 15.
5aeb20
-4689569 (base 10) to base 8
-21707241
Convert 1540042 (base 8) to base 16.
6c022
Convert 651303 (base 10) to base 2.
10011111000000100111
-442343303 (base 6) to base 7
-124444206
Convert -7b5a48 (base 13) to base 11.
-1719351
Convert 110001011111111 (base 2) to base 9.
37678
Convert 13637432 (base 9) to base 6.
400453045
22102033 (base 5) to base 2
101110100110101101
Convert -13101212203 (base 4) to base 12.
-77b797
What is 1010101011100001000100 (base 2) in base 11?
1642498
What is -311411144 (base 5) in base 13?
-35a17a
Convert -110011011011010011000 (base 2) to base 8.
-6333230
Convert 1001110111011100 (base 2) to base 5.
2243122
What is 1111110101010001 (base 2) in base 16?
fd51
-1112212102112 (base 3) to base 13
-22b12b
What is 10011100110100010 (base 2) in base 12?
3a56a
Convert 338698 (base 10) to base 8.
1225412
What is -268abb (base 16) in base 8?
-11505273
-661310 (base 7) to base 11
-79a63
Convert -387418 (base 9) to base 13.
-83000
What is -744160 (base 10) in base 7?
-6216364
-1043107 (base 9) to base 10
-559960
What is -1014422404 (base 5) in base 9?
-3862380
-11311301220 (base 4) to base 12
-619ba0
16663264 (base 7) to base 8
6216442
What is -1413401 (base 10) in base 12?
-581b35
Convert -4760478 (base 9) to base 11.
-15015a6
What is -11b05b (base 13) in base 3?
-210112202022
-2b52c (base 15) to base 6
-2554010
954264 (base 14) to base 8
23173360
Convert 1212101121220 (base 3) to base 9.
1771556
-2110220222 (base 3) to base 4
-23322110
Convert -11120222321 (base 4) to base 2.
-101011000101010111001
What is 101111000101110101 (base 2) in base 6?
4044553
What is -975437 (base 10) in base 9?
-1746038
Convert -35a555 (base 11) to base 6.
-20120233
Convert -27867d (base 15) to base 3.
-10120121111101
Convert -14a6e (base 15) to base 16.
-103af
Convert 9b0e (base 15) to base 7.
164546
What is 79964 (base 12) in base 8?
474434
44835 (base 11) to base 9
108014
Convert -11110000001001010 (base 2) to base 14.
-32b46
1314344 (base 6) to base 8
215130
Convert 2040791 (base 11) to base 10.
3602633
-41000113 (base 5) to base 16
-501de
-5a377 (base 11) to base 10
-86962
What is 3090856 (base 11) in base 12?
19a8589
Convert -20311322112 (base 4) to base 10.
-2317974
-456721 (base 9) to base 11
-177916
Convert -12101020022212 (base 3) to base 16.
-2b9e98
120110020112 (base 3) to base 14
7cbc5
Convert -a458ab (base 15) to base 6.
-435300542
What is -121502 (base 9) in base 12?
-3650b
Convert 185b8a9 (base 13) to base 16.
798bb0
Convert 11243015 (base 7) to base 6.
33042135
Convert -42c13 (base 13) to base 14.
-31da2
-1208536 (base 10) to base 3
-2021101210121
Convert 122111130 (base 4) to base 3.
12110222010
-6b6696 (base 12) to base 9
-3230406
Convert 4012224 (base 5) to base 12.
30867
What is 2701533 (base 9) in base 8?
5505415
What is -484a88 (base 13) in base 2?
-110100100111101011010
Convert -310414131 (base 6) to base 13.
-1155133
Convert -21436017 (base 8) to base 12.
-165b867
Convert 24203214 (base 7) to base 10.
2152434
What is -844187 (base 13) in base 5?
-1242444111
-162d3c (base 16) to base 4
-11202310330
-22a8ab (base 12) to base 2
-10001000001010000011
What is -2012201111002 (base 3) in base 9?
-2181432
What is -37033732 (base 8) in base 14?
-111ca70
235054044 (base 7) to base 6
1240545153
Convert 250514 (base 8) to base 5.
10230343
What is 21110202002202 (base 3) in base 2?
1111001001011101111001
What is 52a962 (base 11) in base 15?
11b854
Convert 2b893 (base 15) to base 14.
391c5
Convert -1010110010101001 (base 2) to base 4.
-22302221
What is 86730 (base 10) in base 7?
510600
What is 1324309 (base 10) in base 6?
44215021
-125641 (base 8) to base 9
-66238
Convert -1010000101010011010111 (base 2) to base 4.
-22011103113
Convert 83214 (base 12) to base 9.
281067
Convert -1021202212220 (base 3) to base 12.
-290113
Convert -21110202010000 (base 3) to base 9.
-7422100
100001011111101101110110 (base 2) to base 14
1247d42
3430144 (base 6) to base 3
22220002101
What is 236771 (base 9) in base 4?
202313002
What is 3614001 (base 10) in base 6?
205243253
What is 18baa (base 16) in base 5?
11220130
Convert -114242223 (base 6) to base 14.
-405c47
What is -100010010001010000001010 (base 2) in base 15?
-bc6be2
56a342 (base 11) to base 7
10464535
a0251 (base 12) to base 13
73708
Convert -725414 (base 10) to base 12.
-2ab972
-14356666 (base 9) to base 8
-33131225
What is 37376114 (base 8) in base 15?
ad15e3
c1963 (base 13) to base 8
1244643
-212202200 (base 3) to base 13
-7b69
What is -22706 (base 11) in base 5?
-2022142
Convert -39150 (base 13) to base 16.
-19cda
-220022120120 (base 3) to base 6
-14131540
Convert -1230102312 (base 4) to base 7.
-3525135
Convert 2a074 (base 13) to base 4.
103111103
737225 (base 9) to base 16
6b02a
110784 (base 9) to base 10
66253
What is 2742176 (base 8) in base 11?
48745a
Convert 3112aa (base 14) to base 2.
110010100000110000110
Convert 1533610 (base 8) to base 10.
440200
What is 4681354 (base 11) in base 16?
7cafa7
Convert -1101b2 (base 12) to base 6.
-5441142
Convert -10000000100011010001110 (base 2) to base 5.
-2034243431
-1476144 (base 9) to base 13
-228478
Convert 12122411 (base 7) to base 2.
100000111111111111100
-16c20c (base 13) to base 10
-569373
What is -5325900 (base 10) in base 12?
-194a150
201112002 (base 3) to base 2
11011110010111
What is -49aa4 (base 12) in base 16?
-186dc
What is -12210101011111 (base 3) in base 8?
-13573507
10110021200122 (base 3) to base 11
1044565
2411113200 (base 5) to base 7
65213242
What is -13875453 (base 9) in base 13?
-1577628
What is 916a (base 13) in base 14?
742a
-154307 (base 9) to base 2
-10111001100101100
-42580 (base 13) to base 4
-131030203
Convert 121212001121 (base 3) to base 2.
1010000111111011010
What is 13520404 (base 7) in base 13?
354043
What is -398426 (base 10) in base 13?
-10c472
What is -a6d151 (base 14) in base 5?
-2421112200
30124031 (base 7) to base 14
48ca88
Convert -1731b9 (base 12) to base 5.
-100240303
Convert 471a6 (base 16) to base 7.
2322043
1120210202011 (base 3) to base 11
526015
Convert -76321 (base 13) to base 6.
-4325031
718003 (base 10) to base 15
e2b1d
664354 (base 10) to base 2
10100010001100100010
-3043041 (base 6) to base 13
-514b4
What is 9721d3 (base 14) in base 12?
1868225
Convert -33d27d (base 14) to base 7.
-21000316
Convert -19749 (base 15) to base 8.
-241324
Convert 111120331203 (base 4) to base 7.
65442501
38659 (base 14) to base 15
2b055
-110426 (base 8) to base 9
-55848
What is 1351633 (base 7) in base 4?
230020000
What is 100013 (base 13) in base 6?
11543005
Convert -197483 (base 11) to base 9.
-511216
Convert 172106 (base 15) to base 9.
2087316
Convert -2202441 (base 6) to base 2.
-11010101110011001
What is b2ab2 (base 12) in base 11?
14a173
Convert 5b3559 (base 15) to base 9.
8182683
What is 7785dc (base 16) in base 12?
2759024
200022111212222 (base 3) to base 10
9733526
Convert -127ab0 (base 14) to base 12.
-268062
-101414000 (base 7) to base 14
-b0d8a7
Convert 21332153 (base 6) to base 15.
c7dd0
What is 6341540 (base 7) in base 6?
24232435
25736121 (base 8) to base 13
1264196
What 